98. What is the remainder when x is divided by q?
12
Let n(d) = -6*d - 3. Let h be n(-4). Calculate the remainder when h + (-3)/6*2 is divided by 7.
6
Let h(z) = -z**2 - 22*z - 5. What is the remainder when 63 is divided by h(-21)?
15
Suppose 0 = 4*a - 5*j - 73, 0 = -4*a + 4*j + 40 + 32. What is the remainder when a is divided by 6?
5
Suppose -45*j - 128 = -49*j. Let a be -2 + 0 + (-30)/(-3). Let q = 25 - a. What is the remainder when j is divided by q?
15
Let q = -17 - -6. Let a = 19 + q. Calculate the remainder when 15 is divided by a.
7
Let h = -1 - -4. Suppose -k = -1, h*k = -x + k + 3. Calculate the remainder when 1 is divided by x.
0
Calculate the remainder when (6/2)/(0 - 6/(-138)) is divided by (-13 - 1)*(4 - 5).
13
What is the remainder when 61 is divided by (-3 + -2 - 8)/(1/(-1))?
9
Let z = -58 - -98. Calculate the remainder when z is divided by 6.
4
Calculate the remainder when (19/6*-2)/(9/(-27)) is divided by 7.
5
Let g(z) be the second derivative of -2*z**3/3 - 11*z**2/2 - z. What is the remainder when g(-11) is divided by 12?
9
Let k = 21 + -9. Let q(w) = 24*w - 2. Let f = -13 - -14. Calculate the remainder when q(f) is divided by k.
10
Calculate the remainder when 15 is divided by (22/(-77))/((-2)/28).
3
Let z = 28 + -18. Let p be 4/5*255/6. Suppose p = 4*w - z. Calculate the remainder when w is divided by 6.
5
Suppose 4*k = 2*b + 16, 0 = -b - 2 - 0. Let y(i) = -i**2 + 6*i + 4. Calculate the remainder when (-96)/20*(-10)/k is divided by y(5).
7
Let t = -186 + 199. Calculate the remainder when 17 is divided by t.
4
Suppose 0 = -z + 14 + 31. Suppose m - 2*b - 9 = 2*b, 5*m - z = -b. What is the remainder when m is divided by 5?
4
Let r = -2 - -11. Calculate the remainder when 26 is divided by r.
8
Suppose 0 = -3*l + 1 - 16. What is the remainder when 16 - 2 - (-5)/l is divided by 4?
1
Suppose 72 = 4*s - s. Suppose -b - b = -s. What is the remainder when ((-4)/5)/(4/(-170)) is divided by b?
10
Suppose -4*m + 0*m = g - 16, 3*g - 5*m = 65. Let v(p) = p**3 - 9*p**2 + 7. Calculate the remainder when g is divided by v(9).
6
Suppose -5*w + 74 = -3*z, 2*w - 18*z - 23 = -19*z. Suppose 7*y - 3*y = 252. What is the remainder when y is divided by w?
11
Let m be -2*(-8)/(-4) - -4. Suppose k + m*k + 2*l = 18, 10 = 2*l. Let s = -14 - -35. What is the remainder when s is divided by k?
5
Let u be 23 + (1 - 6/3). Suppose -u - 126 = -4*n. Calculate the remainder when n is divided by 13.
11
Let a = -53 + 65. Calculate the remainder when 34 is divided by a.
10
Let p = 44 - 25. Suppose 0 = -d - 0*d. Suppose -4*j - 15 + 43 = d. Calculate the remainder when p is divided by j.
5
Let k be 79*(1 + -2 - -2). Let c = 117 - k. Let v = 67 - c. Calculate the remainder when v is divided by 15.
14
Suppose 2*z + 46 = -3*p, 4*z + 2*p + 2*p + 92 = 0. Let x = z + 41. Calculate the remainder when 34 is divided by x.
16
Let o(r) = r + 24. Let p be o(0). Suppose 4*j - j + p = 2*w, 5*j = -10. What is the remainder when 33 is divided by w?
6
Let l = -42 + 63. Calculate the remainder when 35 is divided by l.
14
Suppose -r - 4*r + 20 = 0. Let v = r - -27. Calculate the remainder when v is divided by 16.
15
Let i be (30/4)/(3/6). Suppose -3*b - 216 = -3*u - 0*b, i = -3*b. Calculate the remainder when u is divided by 17.
16
Let i be (25 - 2) + -1 + 1. Let v(m) = -m**3 + 2*m**2 - 2*m + 2. Let d be v(3). Let t = d + i. Calculate the remainder when t is divided by 4.
2
Let d(s) = s**2 + s - 11. Let p be d(0). Let o = -6 - p. Calculate the remainder when 9 is divided by o.
4
Let z(a) = 3*a**3 - 4*a**2 - a + 1. Calculate the remainder when z(3) is divided by 11.
10
Let m(v) = v**2 - 5*v - 8. Let k = 20 + -10. Calculate the remainder when k is divided by m(7).
4
Suppose f = -3*f + 5*u + 292, 219 = 3*f - 3*u. Calculate the remainder when f is divided by 38.
35
What is the remainder when 2/1 + (34 - 2) is divided by -7 - -9 - (-2 - 14)?
16
Let a(p) = -4 + 2 - 3*p + 3. Suppose 0 = -2*v - 2, 4 = -4*t + 3*v + v. What is the remainder when 20 is divided by a(t)?
6
Suppose -3*c = -2*c. Suppose c = y - 23 + 5. Let m = 10 - -25. Calculate the remainder when m is divided by y.
17
Let t = -15 + 32. Suppose -4*y = v - y - 19, -2*v = -5*y + t. Let r(u) = -u**3 - u + 2. What is the remainder when v is divided by r(0)?
0
Let w = -25 - -30. Suppose 5*u = 11 + 14. Suppose 5*a - 4*x + 9*x = 35, -u*x = 0. Calculate the remainder when a is divided by w.
2
Suppose 3*j - 61 = -5*r + 109, -3*r - 3*j + 108 = 0. Suppose g - k - r = -5*k, -3*g - 4*k = -53. What is the remainder when 31 is divided by g?
9
Let o = -44 + 189. What is the remainder when o is divided by 49?
47
Suppose 0 = -0*b - 5*b + 100. Calculate the remainder when 37 is divided by b.
17
Let x(p) = -p + 17. Suppose 37 = 2*u - 5. Calculate the remainder when u is divided by x(5).
9
Let i(o) = -2 - 1 + o + 2. Let c be i(4). Suppose 0 = -a - 0*a + c. What is the remainder when 8 is divided by a?
2
Let u = 17 - -102. What is the remainder when u is divided by 40?
39
Let p(t) = t**2 - 31*t + 29. What is the remainder when p(31) is divided by 10?
9
Suppose 0 = -d + 3*d. Suppose d*q + 135 = 5*q. Calculate the remainder when q is divided by 14.
13
Suppose -5*q + 93 = -4*z, 0 = 3*z - z - 6. Let a = -13 + q. Let j = a + -6. What is the remainder when 3 is divided by j?
1
Let a be (0/(0 + -3))/2. Suppose -u - u + 4 = a. Suppose -10*b + 16 = -6*b. What is the remainder when b is divided by u?
0
Let r = 140 - 38. What is the remainder when r is divided by 35?
32
Suppose i - 43 = 4*y + 19, -4*i - 88 = 5*y. Calculate the remainder when 46 is divided by y/3*(-2 - 1).
14
Let m be ((-18)/5)/((-3)/(-10)). Let a = m + 20. Calculate the remainder when 15 is divided by a.
7
Suppose 2*s - 12 = 2*q, -2*s = -0*s + 5*q + 16. Let f = -5 - -13. Calculate the remainder when (1*26 - s) + -1 is divided by f.
7
Suppose -12 = -3*v + 3*r, 56 = 5*v + 6*r - 2*r. What is the remainder when 27 is divided by v?
3
Let d = 27 - 19. Let l = d - 7. Suppose 0 = 4*c - 1 - 3. Calculate the remainder when c is divided by l.
0
Calculate the remainder when 21 is divided by 20/4 + (1 - 0).
3
Let w be 12/(-2 + 0) + 3. Suppose 5*x - 5*h = -25, 6*x - x - 3*h + 31 = 0. What is the remainder when 46 is divided by (w - 2 - -3)*x?
14
Let v(l) = l**2 - 2*l - 3. What is the remainder when 16 is divided by v(-2)?
1
Let y(s) = -s**3 + 25*s**2 - s + 86. Calculate the remainder when y(25) is divided by (-4)/(-2)*(-21)/(-2).
19
Let b(d) = d**2 + 2*d - 4. Let i(g) = g + 10. Let w be i(-9). Calculate the remainder when -2 - -35 - (w - -1) is divided by b(-5).
9
Let l(u) = u**3 + u**2 + 13. Let g(x) = -x**2 + 7*x - 5. What is the remainder when l(0) is divided by g(5)?
3
Suppose 15 + 550 = 5*f. Suppose -c = -5*l - 28, 4*c + 2*l = -c + f. What is the remainder when 43 is divided by c?
20
Let q = 12 - 1. Suppose -9 - q = -4*y. Calculate the remainder when 13 is divided by y.
3
Let n(r) = r**3 - 7*r**2 - 6*r - 9. Let v(h) = h**3 - h**2 - 2*h - 4. Let d be v(3). What is the remainder when n(d) is divided by 4?
3
Suppose 4*v - 8 = 8. Suppose 7*w - 8*w + 10 = 0. Suppose 0 = -4*c + w - 2. What is the remainder when v is divided by c?
0
Suppose 32 = -21*g + 25*g. Calculate the remainder when g is divided by 5.
3
Let m = -4 - -7. Let f(q) = q - 3. Let i be f(8). Suppose n + 2*n - 4*u = 29, 0 = i*n - 4*u - 43. What is the remainder when n is divided by m?
1
Let k = 38 - -8. Calculate the remainder when k is divided by 24.
22
Suppose -4*d + 22 = -2. What is the remainder when 22 is divided by d?
4
Suppose -3*a + 24 = 3*z, -a + 2*z - 8 = 7*z. Calculate the remainder when 0 - -37 - 1*2 is divided by a.
11
Suppose h = -3*h + 28. Calculate the remainder when 27 is divided by h.
6
Let n be (-4)/16*4/1. Let h(f) = 11*f**2 + f + 1. Calculate the remainder when 1 - (2/(-2) + -39) is divided by h(n).
8
Let k = -2 + 19. Calculate the remainder when k is divided by 6.
5
Let k(n) = 3*n - 33. Calculate the remainder when 44 is divided by k(16).
14
Suppose 4*x - 32 - 173 = -3*d, d = 4*x + 63. What is the remainder when d is divided by 14?
11
Suppose -k - z = 46, 0 = -5*k - 2*z - z - 240. Let s = -20 - k. What is the remainder when s is divided by 16?
15
Let i(l) = l**2 + 3*l - 1. Let p(t) = -t**3 - 8*t**2 - 7*t - 3. Let w be p(-